factor of 204293406?
True
Does 1144 divide 239297344?
True
Is 37865028 a multiple of 12?
True
Is 63915008 a multiple of 256?
True
Is 43 a factor of 7351495?
True
Is 12 a factor of 14456016?
True
Is 87 a factor of 756027216?
True
Is 58 a factor of 212420360?
True
Does 12 divide 1734081977?
False
Does 2 divide 39150929?
False
Is 74 a factor of 500218022?
True
Is 1656 a factor of 621101141?
False
Does 195 divide 455825139?
False
Does 255 divide 108346788?
False
Is 112 a factor of 2385909232?
True
Is 108 a factor of 746205912?
True
Does 16 divide 6959893?
False
Is 69956852 a multiple of 932?
True
Is 5312832 a multiple of 21?
True
Is 120282395 a multiple of 42?
False
Does 59 divide 642876776?
False
Is 125676745 a multiple of 1094?
False
Is 768790641 a multiple of 9?
False
Does 580 divide 125195320?
True
Is 112 a factor of 13093360?
True
Is 5719 a factor of 464542932?
True
Is 1707 a factor of 162242836?
False
Does 2170 divide 830146520?
True
Is 1836 a factor of 51279480?
True
Is 4 a factor of 54196?
True
Does 53 divide 214255638?
False
Does 17 divide 1236365528?
True
Is 3957 a factor of 18744309?
True
Is 33108680 a multiple of 22?
True
Is 2251 a factor of 210308119?
False
Does 31 divide 14278631?
True
Is 62 a factor of 32730854?
True
Does 664 divide 8824145?
False
Is 12 a factor of 17058962?
False
Is 583 a factor of 174937312?
True
Is 105569500 a multiple of 25?
True
Does 2664 divide 406304900?
False
Does 13 divide 1308625773?
True
Is 550 a factor of 531373170?
False
Is 22073278 a multiple of 15?
False
Is 17610801 a multiple of 20?
False
Is 80193587 even?
False
Is 8729592 a multiple of 109?
True
Is 8 a factor of 290990444?
False
Is 3521243 a multiple of 13?
False
Does 16 divide 2641252224?
True
Is 113448912 a multiple of 1136?
True
Does 1276 divide 581545932?
True
Does 10 divide 1909166921?
False
Does 556 divide 136163844?
True
Is 171697156 a multiple of 1163?
False
Does 5173 divide 812338930?
False
Is 110 a factor of 17853440?
True
Is 94 a factor of 680602112?
True
Is 11965054 a multiple of 519?
False
Does 308 divide 744269654?
False
Is 2673300 a multiple of 42?
True
Is 99 a factor of 4479455990?
False
Is 448011014 a multiple of 62?
False
Does 753 divide 662373781?
False
Is 133199976 a multiple of 2184?
True
Is 27611505 a multiple of 269?
True
Is 17 a factor of 1245360994?
False
Is 88679955 a multiple of 15?
True
Is 186354411 a multiple of 4096?
False
Is 50 a factor of 290989357?
False
Is 274476469 a multiple of 5?
False
Is 440865658 a multiple of 17?
True
Does 72 divide 152982130?
False
Is 2418375 a multiple of 15?
True
Is 3 a factor of 38571380?
False
Is 2825939451 a multiple of 13?
False
Is 197581615 a multiple of 73?
False
Is 494 a factor of 572056521?
False
Does 194 divide 55172824?
True
Is 131514224 a multiple of 433?
True
Does 11 divide 59374766?
True
Is 26635675 a multiple of 646?
False
Is 121 a factor of 66988141?
True
Does 3 divide 20987478?
True
Is 11 a factor of 553806560?
False
Is 2669823666 a multiple of 4487?
False
Is 89995272 a multiple of 318?
True
Does 3692 divide 406654247?
False
Does 202 divide 2857088?
True
Is 822531874 a multiple of 803?
False
Is 1767 a factor of 451691142?
True
Is 1015229160 a multiple of 13095?
True
Is 2387 a factor of 595010741?
False
Is 44631358 a multiple of 14?
False
Is 897 a factor of 79806987?
True
Is 17086531 a multiple of 121?
True
Does 1022 divide 50518482?
True
Does 8052 divide 607200204?
False
Is 6 a factor of 25942419?
False
Does 16 divide 1142640?
True
Is 30766630 a multiple of 271?
True
Does 68 divide 164591410?
False
Is 164 a factor of 65166886?
False
Is 82 a factor of 28457936?
True
Is 161369274 a multiple of 72?
False
Does 15 divide 26534861?
False
Is 2492 a factor of 39106956?
True
Does 361 divide 2844364?
False
Does 286 divide 297656398?
False
Is 20 a factor of 59816400?
True
Is 65539793 a multiple of 47?
False
Is 225 a factor of 152995950?
True
Is 85 a factor of 47038320?
True
Is 461636 a multiple of 71?
False
Does 4920 divide 2885356387?
False
Is 2 a factor of 21311078?
True
Is 77 a factor of 669592?
True
Is 144 a factor of 531457282?
False
Is 31507904 a multiple of 248?
True
Is 168630172 a multiple of 358?
True
Does 3 divide 14391861?
True
Is 541076031 a multiple of 309?
False
Is 8139107 even?
False
Is 514955 a multiple of 7?
True
Does 16 divide 11511552?
True
Is 85 a factor of 4258837?
False
Is 60 a factor of 6705420?
True
Does 649 divide 22218652?
False
Is 14208090 a multiple of 501?
False
Does 210 divide 57904669?
False
Is 13 a factor of 77009153?
True
Is 58 a factor of 44538084?
True
Does 145 divide 128930291?
False
Is 72033156 a multiple of 1033?
True
Is 912 a factor of 17915328?
True
Is 5322687 a multiple of 51?
False
Does 67 divide 1886117?
True
Does 3 divide 10912439?
False
Is 823167029 a multiple of 2290?
False
Is 1563319286 a multiple of 87?
False
Is 445 a factor of 145916390?
True
Is 137867531 a multiple of 14?
False
Does 1132 divide 162850652?
True
Is 208846395 a multiple of 9?
True
Is 149615602 a multiple of 149?
False
Is 4961 a factor of 1425707063?
True
Does 507 divide 120017547?
True
Is 29 a factor of 48302574?
True
Does 25 divide 440485625?
True
Is 29940452 a multiple of 52?
False
Does 7 divide 105760396?
True
Does 13 divide 902127511?
False
Is 25283465 a multiple of 1637?
True
Is 5 a factor of 2500755?
True
Is 1351 a factor of 12014478?
False
Is 66343860 a multiple of 2987?
False
Does 132 divide 55040436?
True
Is 819615866 a multiple of 1083?
False
Is 26697667 a multiple of 174?
False
Is 439195026 a multiple of 723?
True
Is 14 a factor of 42606032?
True
Is 17 a factor of 3681683727?
True
Is 76 a factor of 141005308?
True
Is 53490180 a multiple of 6?
True
Is 48322962 a multiple of 111?
True
Is 17394069 a multiple of 39?
False
Does 3527 divide 396568826?
True
Does 21 divide 14409129?
True
Does 83 divide 1614171436?
False
Is 178 a factor of 71721206?
False
Does 27 divide 45918716?
False
Does 647 divide 142670209?
False
Does 459 divide 49031135?
False
Is 12 a factor of 1920821672?
False
Does 11 divide 3955072?
True
Does 9 divide 14617899?
True
Is 767097842 a multiple of 3?
False
Is 517 a factor of 1973431872?
False
Is 1513 a factor of 424464585?
True
Is 111 a factor of 150541795?
False
Is 29607840 a multiple of 18?
True
Is 28043759 a multiple of 1525?
False
Is 9470592 a multiple of 192?
True
Is 39262816 a multiple of 38?
True
Is 18 a factor of 24956568?
True
Is 9 a factor of 36990576?
True
Does 4377 divide 55916175?
True
Does 105 divide 150254881?
False
Is 13 a factor of 70162910?
False
Is 666812 even?
True
Does 4 divide 322876792?
True
Is 960 a factor of 5483115?
False
Does 293 divide 15009347?
False
Is 74562679 a multiple of 3233?
True
Is 19760492 a multiple of 1181?
True
Is 282 a factor of 35533436?
False
Is 337294764 a multiple of 75?
False
Does 111 divide 78997590?
True
Is 24 a factor of 47287099?
False
Is 193088426 a multiple of 11?
False
Is 25620826 a multiple of 98?
True
Is 294749628 a multiple of 622?
True
Does 25 divide 94385749?
False
Does 17 divide 112231637?
True
Does 39 divide 2019455520?
False
Is 81 a factor of 3546990?
True
Is 145 a factor of 10524100?
True
Does 2238 divide 44793570?
True
Does 239 divide 87089386?
False
Does 95 divide 41570857?
False
Is 11084402 a multiple of 172?
False
Is 6835015 a multiple of 96?
False
Does 26 divide 352336192?
True
Is 233 a factor of 10010185?
False
Is 9 a factor of 701991?
True
Does 230 divide 108883323?
False
Is 1194 a factor of 50144418?
True
Does 11 divide 321153063?
True
Is 356153420 a multiple of 310?
True
Does 11 divide 5238763332?
True
Is 23610175 a multiple of 10?
False
Is 48545921 a multiple of 2108?
False
Is 191574068 a multiple of 7?
True
Is 99993447 a multiple of 169?
False
Does 12 divide 62037640?
False
Does 2723 divide 65516802?
False
Is 224 a factor of 1674460704?
True
Is 524357352 a multiple of 29?
True
Does 5 divide 4281721536?
False
Is 342 a factor of 4526155224?
True
Does 7 divide 32882892?
True
Is 92 a factor of 248034554?
False
Is 88 a factor of 751483216?
True
Is 6 a factor of 1277623479?
False
Is 1404051012 a multiple of 867?
True
Is 442965600 a multiple of 510?
True
Is 19919966 a multiple of 7?
False
Does 78 divide 49688595?
False
Is 22 a factor of 10308316?
False
Is 42 a factor of 10862121?